60/380.
5, 7, 19
Let q = 805 + 2035. List the prime factors of q.
2, 5, 71
Let s(m) be the first derivative of 16*m**3/3 + m**2 - 25*m + 83. What are the prime factors of s(4)?
239
Let g(l) = -l**2 - 3*l + 4. Let t(a) = -2*a**2 - 3*a + 4. Let d(c) = 3*g(c) - 2*t(c). Let w be d(5). Suppose w*b + 612 = 18*b. List the prime factors of b.
3, 17
Let y(a) = 2*a**2 - a - 1. Let i be y(2). Suppose o = 5*l - 20, -5*o + 8 = -4*l + 24. Suppose o = i*j - j - 268. List the prime factors of j.
67
Suppose -15*n + 160 = n. Suppose -2523 = -n*p + 357. List the prime factors of p.
2, 3
Let r(n) be the third derivative of 457*n**4/12 - n**3 + 127*n**2. What are the prime factors of r(1)?
2, 227
Suppose 4*m + 24 = -3*z + 8*z, 0 = z - 4. List the prime factors of (-60)/m - (41 - 45).
2
Let a = 25167 - 17580. List the prime factors of a.
3, 281
Let s = -52344 + 79676. What are the prime factors of s?
2, 6833
Suppose 0 = 12*m - 214307 - 1549. List the prime factors of m.
2, 3, 1499
Let r = 80432 - 54259. List the prime factors of r.
7, 3739
Suppose 0 = -b + 527 - 103. Let g = 272 - b. What are the prime factors of 25*((-6)/(-4))/((-30)/g)?
2, 5, 19
Let d = 63 + -24. Let z be (3 + -2)*(4 + 43 - 6). Let j = z - d. List the prime factors of j.
2
Let b be (0 + 238)*(-1)/(-1). Suppose 167 = 5*s - 3*w, -2*s - 3*w + 0 = -50. Let c = s + b. What are the prime factors of c?
269
Let k = 308 + -265. Suppose k*u = 49*u - 1140. What are the prime factors of u?
2, 5, 19
Suppose 5*h = -j + 25 + 80, 3*h = 3*j + 45. Suppose -4*w + 2*i = -2*i + h, 0 = -3*w + 5*i - 21. What are the prime factors of -8 + 156 - (-1 - w)/1?
3, 7
Let i be (12/(-7))/(0 + (-2)/7). Suppose 0*p = -i*p + 60. Suppose -p*h + 5*h + 820 = 0. List the prime factors of h.
2, 41
Let a = 62 + -182. Let g = -75 - a. List the prime factors of 12*4*g/10.
2, 3
Suppose -30*v - 456 = -33*v. List the prime factors of 38/v + 2819/4.
3, 5, 47
Let h be 1 + -1 + 3 - -25. Suppose h*v - 35*v + 5656 = 0. List the prime factors of v.
2, 101
Let c = 83778 + -37694. What are the prime factors of c?
2, 41, 281
Let s(n) = 85*n - 503. What are the prime factors of s(17)?
2, 3, 157
What are the prime factors of (28525/42)/(8/48)?
5, 163
Suppose 0 = 2*v - 113 - 1125. Suppose -115*x + 114*x = -v. What are the prime factors of x?
619
Suppose 16 = 2*r + 2*h, 4*r - 59 = 10*h - 5*h. Suppose 8*j + 585 = r*j. List the prime factors of j.
3, 5, 13
Let o = -13711 - -42460. What are the prime factors of o?
3, 7, 37
Suppose -3*d + 4*g = -29, -28*d - 2*g + 3 = -27*d. Let u be 0/(-1) - (0 + -2). Suppose 2*y = 3*a + 118, -d*a + 104 = u*y - 3*a. What are the prime factors of y?
2, 7
Let u(n) = -229*n + 129. Let b(g) = -g + 1. Let x(q) = b(q) - u(q). What are the prime factors of x(6)?
2, 5, 31
Suppose -18*s + 379 = -629. Let u = 182 - s. List the prime factors of u.
2, 3, 7
Let p(j) = -17*j - 8. Let l be p(-4). Let u = l + -18. List the prime factors of u.
2, 3, 7
List the prime factors of (72/(-15))/(64/(-75200)).
2, 3, 5, 47
Let w be 2/6 - 573/(-9). Let k be (-2)/(-9)*1 - w/(-36). Suppose 116 = a - k. What are the prime factors of a?
2, 59
Let g(w) = 129*w**2 + 2 - 198*w**2 + 1039*w**2 + 12*w + w. List the prime factors of g(-1).
7, 137
Suppose 3*h - 641 = -5*v, 2*h = h + 4*v + 191. Let w(y) = -y**3 - 8*y**2 - 10*y + 10. Let b be w(-6). Let a = h - b. What are the prime factors of a?
11, 19
Let u(q) = q**3 + 3*q**2 - 5*q - 1. Let t be u(-4). Let o be 1/t - (-670)/15. Suppose w - o = 9. What are the prime factors of w?
2, 3
Suppose -3*a + 2*a - y = 21, -5*y - 25 = 0. Let l = -2 + a. Let i = l + 110. List the prime factors of i.
2, 23
Let i(d) = -23*d**3 - 14*d**2 - 91*d - 217. What are the prime factors of i(-13)?
3, 53, 103
Let i = 534 - 538. List the prime factors of 2202/(-9)*(-7 - i).
2, 367
Let j = 93 + -91. Suppose -4*a + 2 = j*r - r, 0 = r - 3*a - 2. Suppose 4*z - 2*f - 48 = 0, -4*z - r*f = -z - 36. What are the prime factors of z?
2, 3
Let u = 1676 + 94. What are the prime factors of u?
2, 3, 5, 59
Let f(g) = -8*g + 36. Let n be f(4). Suppose 4*o - n + 24 = 2*u, -2*u - o = 5. Suppose u = 4*y - 152 - 68. What are the prime factors of y?
5, 11
Let d = -30 - -9. Let l = 26 + d. Suppose -l*a - 317 = -4*k, 518 = 4*k - 4*a + 206. What are the prime factors of k?
73
Let l = -159 - -161. Let a(p) = 13*p**2 - p + 7. Let q(y) = y**2 + y - 1. Let j(m) = a(m) + 3*q(m). What are the prime factors of j(l)?
2, 3
Let x(q) = 287*q**3 - 24 - 31 + 108 - 5*q - 25 - 26 + 2*q**2. What are the prime factors of x(1)?
2, 11, 13
Let a(d) = d**2 - 11*d + 15. Let v be a(-13). Suppose -324*s = -v*s + 3537. What are the prime factors of s?
3, 131
What are the prime factors of (4 - 2)*3/18*4461?
1487
Suppose -a = 5*r - 22921, -93*r + 45872 = 2*a - 98*r. What are the prime factors of a?
23, 997
Suppose -1523 = -40*j - 4003. Let r = 412 + j. What are the prime factors of r?
2, 5, 7
Let m(f) = 17*f - 1. Let r be m(7). Let q = 122 + r. List the prime factors of q.
2, 3, 5
What are the prime factors of (3173645/(-1700) - (-4)/(-10))*-4?
7, 11, 97
Let q be ((-20)/25)/((-1)/((-5)/(-2))). Suppose -374 = -q*n - 4*f, 7*f - 751 = -4*n + 2*f. Let j = n - 134. List the prime factors of j.
5, 11
Let c be ((-16)/3 - 0)*(-1725)/92. List the prime factors of 668/10 + (-80)/c.
2, 3, 11
Suppose 0 = -23*c + 24*c - 4. Suppose 5*w = 2*q - 31, -4*q + 5 = -9*q - c*w. Suppose q*p = -3*k + 156 + 180, -3*k = -4*p + 448. What are the prime factors of p?
2, 7
Suppose 4*q - 5*r - 1018 = -6*r, -2*q = -4*r - 500. Suppose 0*m - m = -3*i - q, -i + 3 = 0. List the prime factors of m.
263
Let w = 4635 - -210. List the prime factors of w.
3, 5, 17, 19
Suppose -5*z = 2*k - 26, 6*z - 4*z - 8 = 0. Suppose k*r + 19*u = 14*u + 2355, -2*u + 3140 = 4*r. What are the prime factors of r?
5, 157
Suppose -2*k = -49 + 39. List the prime factors of -4*(5/k - 53).
2, 13
Suppose -5*z = -4*f - 9229, 0 = -28*z + 23*z - 4*f + 9181. List the prime factors of z.
7, 263
Suppose -11*c - 20349 = 2762. Let l = c - -3118. What are the prime factors of l?
3, 113
Let g be (4/(-3) - (10 - 11))*-5793. Suppose 0 = -x - 4*b + 480, 5*b = -4*x - 0*b + g. List the prime factors of x.
2, 11
Let l be 2/24*6*16. Suppose -45 = 3*d - l*d. List the prime factors of d.
3
Let f = -2596 - -5087. What are the prime factors of f?
47, 53
Let m be (-8)/(-56) - 468/42. Let f(d) be the second derivative of d**4/12 + d**3 - 5*d**2 + d. List the prime factors of f(m).
3, 5
Suppose -3*y = k + 2*k - 80997, -3*k = -5*y + 135059. List the prime factors of y.
113, 239
Let z(n) = -3*n**2 + 6*n + 6. Let h be z(-1). Let r = 4 - h. Suppose -6*u = r*u - 962. What are the prime factors of u?
2, 37
Let i = 133 + -131. Suppose -i*h = a - 1, -3*h - 8 = 5*a + 1. What are the prime factors of h?
2
Suppose 0 = -v + f + 4658, -3*v - 2*f - 5232 = -19236. List the prime factors of v.
2, 11, 53
Suppose 0 = 8*k - 110*k + 14038 + 885398. List the prime factors of k.
2, 4409
Let h be -1*(-3)/((-9)/(-12)). Let c be 4 + -3 + h + -4. List the prime factors of 45 + (-12)/3 + c.
2, 3, 7
Let k = 4 - 5. Let x be (-9 - -4)*3/(k*3). Suppose -5*t = 5*h - 760, 5*t - x*h = 2*t + 424. What are the prime factors of t?
2, 37
Suppose 123*p - 7*p - 1092120 - 387692 = 0. What are the prime factors of p?
12757
Suppose 5*y = -3*y - 40. List the prime factors of (0 - y - -281) + 0.
2, 11, 13
Suppose 17*t - 373833 = 268682. List the prime factors of t.
5, 7559
Suppose 5*v + 3 + 7 = 0. Let j be v/(-1 + 3) - -3. What are the prime factors of (2 - (-17 + j))/(3/15)?
5, 17
Suppose 0 = 221*g - 220*g - 9. Suppose 0 = -12*u + g*u + 1209. What are the prime factors of u?
13, 31
Let u = 617 - 557. Suppose -u*a = -73*a + 15821. What are the prime factors of a?
1217
Let y = -252 - -802. Let t = y - 47. List the prime factors of t.
503
Let c(f) = -f**3 - f**2 - f + 2. Let a(v) = -v**2 - 3*v + 24. Let i(w) = -a(w) - 4*c(w). What are the prime factors of i(4)?
2, 83
Let r = -23 - -20. Let w(x) = x**2 - x - 9. Let f be w(r). Suppose 4*p - 4*g + 169 = 9*p, 0 = f*g - 3. What are the prime factors of p?
3, 11
Suppose -473*b = -5*c - 476*b + 243917, -5*c + 243922 = -2*b. What are the prime factors of c?
2, 3049
Let v be (-8)/(-2)*2 + -3. Suppose -889 = -v*l + 3*i, 5*i - 9 - 1 = 0. Suppose l + 91 = 5*d. What are the prime